z. Calculate the remainder when (-8)/p + (-2070)/(-54) is divided by 13.
11
What is the remainder when 10 - (10 + -3) - -88 is divided by 36?
19
Let m = -178 - -180. What is the remainder when 14 is divided by m?
0
Let r(z) = 50*z + 1011. What is the remainder when 2263 is divided by r(-20)?
8
Let x = 330 + -329. Suppose 3 = 4*r - 1. Calculate the remainder when x is divided by r.
0
Suppose 16 = 6*z - 2*z. Suppose 0 = -z*f - 20 - 28. Let d = f + 26. What is the remainder when 25 is divided by d?
11
Suppose -18*r + 2185 = 5*r. What is the remainder when r is divided by 15?
5
Let t be (-9 - 24)*3*-1. Calculate the remainder when 3744/t - (-4)/22 is divided by 13.
12
Suppose 0 = 2*y - 5*y + 24. What is the remainder when (131/(-2))/(y/(-16)) is divided by 33?
32
Let l(k) = -k + 41. What is the remainder when 60 is divided by l(33)?
4
Let c(l) = l**2 - 13. Calculate the remainder when c(6) is divided by 2.
1
Let c(i) be the third derivative of -i**4/12 - 19*i**3/6 - 9*i**2. What is the remainder when 26 is divided by c(-14)?
8
Suppose -2*a = -a - 7. Suppose -j = 6*j - a. Suppose 4 + j = d. What is the remainder when d is divided by 4?
1
Let n(w) = 4 + 10 + w - 3*w. What is the remainder when 51 is divided by n(-6)?
25
Suppose -3*r + 28 = 2*l, -48*l + 52 = 4*r - 49*l. Suppose -3*f = y - 392, 4*f = -6*y + 4*y + 524. Calculate the remainder when f is divided by r.
10
Let n(t) = -4*t - 11. Suppose -8*w = -4*w + 60. Let v be n(w). Suppose 5*s - v = -3*l + 10, -3*l = -5*s - 49. What is the remainder when 35 is divided by l?
17
Suppose 4*b - 317 = -4*o + 307, -3*b = -o - 456. What is the remainder when b is divided by 14?
13
Suppose 5*t - 82 = 23. Let h(k) = -2*k - 29. Let f be h(-13). Calculate the remainder when t is divided by 330/45*(9/(-2))/f.
10
Suppose 5*s = 3*b - 157, 0 = -s + 2*b + 2*b - 45. Let n = 11 - s. Let u = n - -25. Calculate the remainder when u is divided by 22.
21
Let a = -1156 + 1426. Calculate the remainder when a is divided by 71.
57
Let p = -60 - -192. Calculate the remainder when p is divided by 27.
24
Let n(i) be the first derivative of i**3/3 - 3*i + 1. Suppose -19 = -17*o + 32. Calculate the remainder when n(-3) is divided by o.
0
Let i be ((-14)/21)/(4/6). Let s be (0/(-2))/(i/1). Suppose 2*b - 22 - 8 = s. What is the remainder when b is divided by 9?
6
Suppose 15*k = 13*k + 5*r + 729, 5*k - r = 1788. Calculate the remainder when k is divided by 72.
69
Let t(q) = -3*q + 2. Suppose 3*f = 38*f - 735. What is the remainder when f is divided by t(-2)?
5
Let n = 57 + -55. Calculate the remainder when 55 is divided by (-10)/n*(-5 - -2).
10
Suppose -5*q - 23 = -73. Calculate the remainder when 72 is divided by q.
2
Let x be (0 + -29)/(5*1/(-5)). Suppose 4*q = -12, -a = a - q - 13. Suppose -5*l = -k - 22, 4*l = -a*k + 6 + x. What is the remainder when 18 is divided by l?
3
Suppose -4*d - 2*p = -136, 3*d - p = 4*p + 89. Let h(s) = 3*s**2 - 41*s + 35. Calculate the remainder when d is divided by h(13).
6
Let a(b) = -2*b - 6. Let s = 35 + -42. Let j be a(s). Suppose -2*k + 2 = j, 149 = 5*t + 2*k. Calculate the remainder when t is divided by 17.
14
Let l(p) = 45*p + 171. Calculate the remainder when 1583 is divided by l(-3).
35
Let x(i) = -i**3 + 4*i**2 + 15*i + 10. Calculate the remainder when 117 is divided by x(5).
57
Suppose 1 = s - 1, 54 = -4*n + s. Let w = 14 - n. What is the remainder when 106 is divided by w?
25
Let t = 45 + -8. Let q = -23 + t. What is the remainder when 25 is divided by q?
11
Let d(f) = f**2 + f. Let i be d(-2). Let q be (i + -4 + 0)*6. Let c(h) = -h**3 - 11*h**2 + 9*h - 12. Calculate the remainder when c(q) is divided by 13.
11
Let y be ((-3 - -2) + 2)*-31. Suppose 3*k - 168 + 33 = 0. Let x = k + y. What is the remainder when 25 is divided by x?
11
Suppose z - 3*z = -82. Suppose 8*x + 8 - 32 = 0. What is the remainder when z is divided by 69/6 + x + (-10)/20?
13
Let i(h) = -27*h - 22. Let t = -8 + 13. Calculate the remainder when i(-2) is divided by t.
2
Let s = -3 + 134. Suppose -816 + 4146 = 74*v. What is the remainder when s is divided by v?
41
Suppose 270 = 2*g + 2*g + m, -4 = -2*m. Suppose 3*i + 2*i + 10 = 0. What is the remainder when g is divided by 3/i + 49/2?
21
Let o = 1787 - 1711. Suppose -4*x - 105 = -305. Let z = o - x. What is the remainder when 76 is divided by z?
24
Calculate the remainder when ((-1128)/48)/(2 - (-58)/(-28)) is divided by 103.
20
Let f(m) = -m - 8. Let y(l) = l**2 + 14*l + 27. Let n be y(-9). What is the remainder when 67 is divided by f(n)?
7
Let m(q) = 3*q**2 - 8*q + 9. Calculate the remainder when 124 is divided by m(0).
7
Let r(s) = s**3 + 11*s**2 - 11*s + 14. Let q = -6 - -8. Let j be (48/(-36))/(q/18). Calculate the remainder when r(j) is divided by 1.
0
Let m(i) = -i**2 - 15*i + 69. Calculate the remainder when m(-11) is divided by 34.
11
Suppose -48*z = -51*z + d + 27, -4*d + 4 = 2*z. What is the remainder when 74 is divided by z?
2
Let b(q) = 3*q - 35. Let n be b(16). Let j = n - -48. Calculate the remainder when j is divided by 13.
9
Let k = -4 - -13. Suppose 24 = 53*u - 45*u. What is the remainder when k is divided by u?
0
Suppose -71*v + 69*v + 138 = 0. Calculate the remainder when v is divided by 6.
3
Suppose 4767 = 6*x + 1845. Suppose -s - x = -4*o, -2*o + 2*s = -s - 251. What is the remainder when o is divided by 32?
25
Suppose w = n + 4, 2*n = 4*w - n - 15. Suppose 20 = r - 2*v, -5*r - 2*v + 109 = -w*v. What is the remainder when 196 is divided by r?
20
Let b be 4/6 + 84/9. Let z = -218 + 199. What is the remainder when 95/z*(-84)/b is divided by 22?
20
Suppose -x + 9 = 1. Let s = -16 - -33. Calculate the remainder when s is divided by x/4*28/8.
3
Let u(r) = -r**3 - 5*r**2 - r + 2. Let y = 12 + 71. Suppose -y - 53 = -4*h. Calculate the remainder when h is divided by u(-5).
6
Suppose -2*w + 28 = 4*u, 5*w + 4*u = -0*w + 46. Suppose -5*k = -4*o - 73, -w = -5*o + 9. What is the remainder when 31 is divided by k?
14
Suppose -6*q = 11*q - 731. What is the remainder when 158 is divided by q?
29
Suppose 7 = -w + 13. Let h be (2/(-4))/((-3)/w). What is the remainder when ((-51)/9)/(h/(-3)) is divided by 5?
2
Suppose -2 = 3*x - x. Let f be (-16)/(x*(-1)/2). Let n = -16 - f. What is the remainder when 61 is divided by n?
13
What is the remainder when 6 is divided by 5/(-30) - 39/(-18)?
0
Calculate the remainder when ((-245)/(-42))/(4/24) is divided by 24.
11
Let p be (-984)/10*300/(-12). What is the remainder when (-4)/5 + p/75 is divided by 11?
10
Let y = -14 - -72. Calculate the remainder when y is divided by 32.
26
Let i(c) = -c**3 + 2*c**2 + 2*c + 3. Let d be i(3). Suppose -55 = -5*v - d*v. What is the remainder when v is divided by 5?
1
Suppose 30 = 2*f + 4*f. Suppose -f*z = -7*z + 40. Calculate the remainder when 75 is divided by z.
15
Suppose 4*a = 11*a - 196. Calculate the remainder when 416 is divided by a.
24
Let a = 3 - -2. Suppose 143 - 43 = a*f. Suppose -183 = -3*r - 4*k, 3*r = k + 261 - 93. Calculate the remainder when r is divided by f.
17
Let v(l) = 16*l**3 + l**2 - 2*l + 1. Let m(o) = 6 - 7 + 14 + 10*o - o**2. What is the remainder when m(8) is divided by v(1)?
13
Suppose -3*r - 18 = -n, 3*r = 5*n - 2*r - 110. Let s(k) = -3*k - 41. Calculate the remainder when n is divided by s(-18).
11
Let v = 3452 - 2518. Calculate the remainder when v is divided by 17.
16
Suppose -3*y + 296 = 47. Suppose l = -2 + y. Calculate the remainder when l is divided by 28.
25
Let d be 3 + (-1 - 0 - -42). Let i = -38 + d. Calculate the remainder when i is divided by 3.
0
Suppose -115*r - 116 = -119*r. What is the remainder when 579 is divided by r?
28
Suppose 3*l - 8 = -l. Let t = -9 + l. Let z = t - -11. What is the remainder when z is divided by 2?
0
Let k(j) = j**3 - 6*j**2 + 7*j + 1. Let y be k(5). Suppose -g + 2*v - 1 = 9, 4 = g + 5*v. Let z = g + y. Calculate the remainder when z is divided by 3.
2
Let s(d) = -6*d**2 + 82*d - 29. Let y = 153 + -87. What is the remainder when y is divided by s(13)?
20
Suppose -324 = -13*d + 7*d. What is the remainder when d is divided by 14?
12
Suppose 3*l - 12*l + 54 = 0. Suppose 129 = l*r - 3*r + 2*v, 2*v = 2*r - 86. Let o = 7 - -4. Calculate the remainder when r is divided by o.
10
Suppose -15 = -4*b + 1. Suppose b*o = -2*o + 114. Wh